 3*x(r). Give c(f).
4
Let i(m) = -2*m**3 + 6*m**2 + 2. Let x(w) = -w**3 + w**2 + w + 1. Let g(d) = -i(d) + 3*x(d). Let k = -1 + -1. What is g(k)?
-9
Let n(f) be the third derivative of f**4/12 - 7*f**2. What is n(-2)?
-4
Let v(d) = d**3 + 6*d**2 - 2*d - 4. Suppose -6*a - 44 = -8. Give v(a).
8
Let f(k) = -1 + 7 - 4 - k**2 + 2*k**2. What is f(-4)?
18
Let k(b) = 2*b**2 + b + 2. Let q be (-18 - -19)/((-1)/2). What is k(q)?
8
Let r(n) = -n - 21. Let i be r(-9). Let q be (3*(-4)/i)/(-1). Let y(c) = 2*c**2 + c + 1. Determine y(q).
2
Let x(t) = -t - 1. Let q be x(6). Let w(g) = 3*g**2 - 5*g + 13. Let z(n) = 5 - 1 - 16 - 4*n**2 + 8*n - 7. Let l(o) = q*w(o) - 5*z(o). Calculate l(-5).
4
Let j(v) be the second derivative of 2*v - 5/6*v**3 - v**2 + 0 - 1/2*v**4 - 1/20*v**5. Let g = -10 + 5. What is j(g)?
-2
Let c(g) be the second derivative of g**3/6 + 3*g**2 + 2*g. Let v = -1 + 1. Determine c(v).
6
Suppose 0 = -5*d - 10, 8*m - 4*m - 10 = d. Let k be 5 + 1*-2 - 1. Suppose 8 + m = k*z. Let l(v) = -v + 5. Determine l(z).
0
Let j(n) = 5*n - 1 - 1 - 2*n**2 + 3*n**2. Let y(h) = -h**3 + 11*h**2 - 20*h + 12. Let b be y(9). Calculate j(b).
4
Let h(u) = 424*u**2 - 425*u**2 - 3 + 5 + u. Calculate h(3).
-4
Let u(d) = -2*d - 1. Suppose -i - 4*l = -3*l - 7, 0 = -3*i + 2*l + 11. Let y = 1 - i. Let p be (-1)/y - 7/(-4). Determine u(p).
-5
Let l(y) = y**3 - 6. Let o = -17 - -24. Let s(q) = q**3 - 7*q**2 + 2. Let k be s(o). Suppose 4*p = 2*n + 6, k*p - 6 = -p + 2*n. What is l(p)?
-6
Suppose 3*u = -2*k + 6, 5*u + k = -k + 14. Suppose -15 = -y - u*c + 9, -3*y + c = -7. Let t(p) = 0*p + 2 - y + p. What is t(-4)?
-6
Let t(p) = 0*p**3 - 2*p**3 - 3*p**3. Calculate t(1).
-5
Let u = -10 - -16. Let m be u/15 + 81/(-15). Let o(z) = -6*z - 4. Let k(j) = 5*j + 3. Let p(g) = -4*k(g) - 3*o(g). Calculate p(m).
10
Let o be 175/49 + 6/14. Let b(v) = -v**3 + 6*v**2 - 3*v - 1 - v - v. Determine b(o).
11
Let r(l) be the second derivative of l**4/12 - 9*l**2/2 + l. Let o(y) = -y**3 - 7*y**2 + 7*y - 5. Let i be o(-8). Let g(j) = j - 3. Let n be g(i). Give r(n).
-9
Let h(r) be the second derivative of r + 0*r**4 - 1/2*r**3 + 0*r**2 + 1/120*r**5 + 0. Let p(j) be the second derivative of h(j). Determine p(-3).
-3
Let z(b) be the second derivative of -3*b**4/2 - b**3/6 + 3*b**2/2 - 8*b. Let f(k) = 73*k**2 + 4*k - 13. Let m(n) = -2*f(n) - 9*z(n). Determine m(1).
16
Let n(c) = -4*c**2 - 19*c - 7. Let j(v) = -3*v**2 - 13*v - 5. Let o(p) = -7*j(p) + 5*n(p). Suppose -20 = -9*x + 4*x. Calculate o(x).
0
Suppose 32*u - 20 = 27*u. Let j(d) be the third derivative of d**6/120 - d**5/20 - d**4/6 + 2*d**3/3 - 3*d**2. Determine j(u).
4
Let g(h) = h**3 + h**2 - 3*h**3 + h + 2 + 3*h**3. Calculate g(0).
2
Let q(n) be the second derivative of -n**4/12 + 2*n**3/3 - 3*n**2 - 11*n. What is q(5)?
-11
Let f(o) = o + 4. Let g(u) = -u + 3. Let k be g(4). Let p = k - -3. Suppose 6*z - p*z - 12 = 0. Calculate f(z).
7
Suppose -15 - 17 = -8*u. Suppose 0 = -0*n + 3*n - 12. Let t(x) = -2 - n + 2*x + 0. Determine t(u).
2
Let i(q) = 9 - 18*q + 9*q + 23*q**2 - 24*q**2. Give i(-9).
9
Let t = 5 - 6. Let a be (-1 - t) + 4/2. Let m be (2 + 1)/(3/a). Let n(o) = -3*o + 3. Determine n(m).
-3
Let b(v) = -v**3 + 3*v**2 - 3*v. Suppose 4*j + 10 = -6. Let o(n) = n + 9. Let f be o(j). Suppose 2*a + 8 = 0, i + 2*a + f = -1. Give b(i).
-2
Let m(s) = s**2 - 4*s - 1. Suppose 3*y = -w + 11, 2*w - 6 = -9*y + 7*y. Determine m(y).
-1
Let b(r) = r**3 - 1. Let z be b(-2). Let d(y) = -2*y - 13. What is d(z)?
5
Let b = -79 - -74. Let n(q) = -q**2 - 7*q - 5. Determine n(b).
5
Let a be 0 + (-12)/(-3 - -6). Let z = a - -6. Let n(f) = -1. Let u(b) = -b. Let j(i) = z*n(i) - u(i). Give j(3).
1
Suppose 79 = 5*r + 4. Suppose 4*o + r = o. Let g(l) = -l**3 - 6*l**2 - 5*l - 2. Calculate g(o).
-2
Suppose 5*d - 7*r - 11 = -4*r, 4*r = -4*d + 28. Suppose -d*i = -3*z, i - 6*i = 5*z. Let m(k) = i*k**2 + k**2 + 0*k**2. What is m(0)?
0
Let v(a) be the first derivative of a**6/40 - a**5/30 - a**4/12 - a**3/6 - a**2 - 3. Let c(g) be the second derivative of v(g). Give c(-1).
-4
Let p(o) = -265*o + 532*o - 265*o + 9. Let h(q) = -q**3 - 7*q**2 - 5*q. Let d be h(-6). Calculate p(d).
-3
Let k(n) = -2*n**3 - 15*n**2 - 4*n - 1. Let z(j) = j**3 + 8*j**2 + 2*j. Let m(w) = 3*k(w) + 5*z(w). Suppose -4*c - 5 = 11. Calculate m(c).
-11
Suppose -15 = 18*f - 21*f. Let g(z) = z**2 - 4*z - 4. Give g(f).
1
Let n be ((-63)/(-18))/((-1)/2). Let z(m) = m**2 + 7*m + 9. What is z(n)?
9
Let c(m) = -4*m - 2. Let a(s) = 2*s - 14. Let q be a(5). Calculate c(q).
14
Let g(n) = 2*n**2 + 2 - 7*n**3 - n**3 - 3. Suppose 2 = 36*q - 34*q. Determine g(q).
-7
Let z(s) = -3*s + s**2 - 1 - 2 - s. Let q = 11 - 7. Determine z(q).
-3
Let a(m) be the first derivative of 2*m**2 - m**2 + 4*m + 0*m**2 + 3. Let p(u) = -3*u**2 + 2*u + 1. Let n be p(-1). Calculate a(n).
-4
Let y(v) = v**3 - 7*v**2 - 2*v + 10. Let j be y(7). Let b(d) = -d**2 - 6*d - 4. What is b(j)?
4
Let h(k) = -5 - k - k + 0*k + 0*k. Give h(-4).
3
Let s(d) = -d**2 + 6*d - 4. Let l(n) = 3*n - n**3 - 7*n**2 + 2*n**3 + 5*n**2. Let o be l(2). Give s(o).
-4
Let b(j) = -j**3 + 5*j**2 - 3*j + 7. Suppose -6*l + 44 = -2*l. Suppose -3*f = 5*q + 14 + 14, 2*q = -4*f - 28. Let g = l + f. Determine b(g).
-8
Let k(w) = w**2 - w - 1. Let p(u) = -u**3 - 17*u**2 - u + 5. Let f(i) = -k(i) + p(i). Let o be f(-18). Let n(m) = -m**2 + 8*m - 6. Give n(o).
6
Let p = -2 - -6. Suppose 16 = -p*x + 4. Let l(v) = -v**2 - 4*v - 2. Determine l(x).
1
Let a(f) = -2*f + 7. Let h(j) = j**2 - 24*j + 51. Let y be h(22). What is a(y)?
-7
Let r(i) = 3*i**2 - i. Let p be (-1 + -3)*3/(-6). Give r(p).
10
Let v be (-2 - 16/(-6))*-24. Let c(m) be the third derivative of -m**4/8 - m**3/3 + 3*m**2. Let f(h) = -14*h - 10. Let a(o) = v*c(o) + 3*f(o). What is a(-2)?
-10
Let c(v) = v**3 + 4*v**2 + 3*v + 4. Let a = 35 - 38. Determine c(a).
4
Let t(j) = 2*j + 3. Let w be t(0). Let b(u) = 11*u**3 + u - 2*u - 7*u**w. Give b(-1).
-3
Let c(o) = -279*o + 81. Let v be (-5 + 7)/(1 - 0). Let y be 81 - (2 - v)/(-2). Let s(z) = -7*z + 2. Let w(a) = y*s(a) - 2*c(a). Give w(1).
-9
Let q = -12 + 7. Let i(u) be the first derivative of -u**4/4 - 5*u**3/3 + u**2 - 5*u - 14. What is i(q)?
-15
Let m(x) = -17 + 2*x + 2*x**2 + 5*x**2 - x + 16. Give m(1).
7
Suppose 2*c + 4 = -2*k, 4*k - 22 = 5*c + 15. Let d(g) = g. Let s be d(3). Let j(m) = 3*m**2 - s*m + m**3 + 1 - 2*m**3 + m**2. Give j(k).
1
Let p(i) = 4*i. Let u(c) = -c - 1. Let z(j) = -2*j - 1. Let h be z(3). Let r be u(h). Suppose 5*o + 0*a = a + 12, 0 = o + 4*a + r. Calculate p(o).
8
Let x(n) be the first derivative of -n**2/2 - 3*n + 356. Suppose 2*w = 5*y + 11 + 7, w + 13 = -3*y. Determine x(y).
1
Let r(g) = -11*g**2 - 13. Let x(a) = -6 + 2*a - 5*a**2 - 2*a. Let q(f) = 6*r(f) - 13*x(f). What is q(1)?
-1
Let a(h) be the third derivative of -1/12*h**4 - 2/3*h**3 + 0*h - h**2 + 0. Calculate a(-3).
2
Suppose 2*t - 24 = -2*t. Let z(s) = 3*s - 24. Let p be z(8). Let q = t - p. Let d(o) = -o**3 + 6*o**2 + 2*o - 9. What is d(q)?
3
Let d(t) = t + 5. Let g be d(0). Suppose 10 = 4*x - 2*x. Let m(s) = -x - s + s**2 - 6*s + 2*s. What is m(g)?
-5
Let c(v) be the second derivative of 5/6*v**3 + 0 + v + 1/12*v**4 + 3/2*v**2. Let d be 0 + 1 + (-1 - 5). Determine c(d).
3
Let i(o) be the first derivative of 5*o + 0 - 1 - 11*o - o**2. Let z(s) = -s - 1. Let l(u) = i(u) - 4*z(u). Calculate l(-3).
-8
Let f(o) = 4*o + 1 - 2*o + 2*o. Let x(l) = 3*l - 98. Let n be x(33). Give f(n).
5
Let d(n) = -n**3 - 3*n**2 - 4*n - 2. Let v be d(-2). Suppose -h = v*h. Let u(k) = k + 2. Determine u(h).
2
Let h(y) = y**3 + 6*y**2 + 4*y + 1. Let l = 0 + 0. Suppose 0 = -l*w + w + 6. Let m(j) = -j**2 - 6*j - 5. Let b be m(w). What is h(b)?
6
Let c be -1 + 3/(9/12). Let i(u) be the first derivative of u**2 + u - 2/3*u**c + 1. What is i(-1)?
-3
Let m(s) be the third derivative of -s**5/20 - s**4/12 - s**3/6 + 9*s**2. Suppose 4*d + 0 = -4. What is m(d)?
-2
Let o(t) = 5*t**2 + t + 1. Let d(c) = -14*c**2 - 2*c - 2. Let k(w) = -4*d(w) - 11*o(w). Calculate k(4).
1
Let m(z) = -z - 4. Let n(u) = -2*u - 5. Let f(i) = -4*m(i) + 3*n(i). Calculate f(3).
-5
Suppose 2*y = 6 + 4, -y + 5 = -2*n. Suppose -3*w - 12 = 5*r + w, n = r - 3*w + 10. Let f(h) = -h**2 - 5*h + 1. Calculate f(r).
5
Let y(m) = m**2 - 3*m - 2. Let n be 6/(